h - 7 + 4 = 0. Suppose -3*a = -5*k - 372, -2*k + 5*k = h*a - 366. What is the greatest common divisor of 17 and a?
17
Suppose -z = z - 6. Suppose -16 = -z*k - k. Suppose k*v = -4*s + 108, 0*v - 5*v - 19 = -2*s. Calculate the highest common factor of s and 55.
11
Let o(t) = 5*t + 9 - 1 - 4*t**2 + 0 + 3*t**2. Let m be o(6). What is the greatest common factor of m and 14?
2
Let d(i) = 12*i. Let w be d(5). Calculate the greatest common divisor of 90 and w.
30
Suppose 0 = -3*q + 4*t - 10, 2*t = -3*t + 20. Suppose -2*s - q*s = -4*g - 64, g = -2*s + 35. Calculate the greatest common divisor of 51 and s.
17
Suppose 3*b + 27 = 6*b. Let d(o) = o**3 + 5*o**2 - 2*o - 6. Let m be d(-4). What is the greatest common factor of m and b?
9
Suppose 18 = -x - q - 4*q, 3*q = -2*x - 8. Suppose 0 = g + 4*g - 10. Calculate the greatest common divisor of x and g.
2
Let q be (30/4)/15*22. Let l = 36 - 3. What is the highest common factor of l and q?
11
Suppose -3*n - 14 = -5*n. Suppose -2*u = -n*u + 105. Suppose 2*q = 6 + 22. What is the greatest common divisor of u and q?
7
Let v(g) = 4*g**2 + 1. Let r be v(4). Let k = 12 + -31. Let n = k - -45. What is the highest common factor of n and r?
13
Let b = -12 - -24. Suppose -5*y = -4*v - 13 - b, 5*v = 0. Let m(u) = -u**3 + u**2 + 5. Let h be m(0). What is the highest common divisor of h and y?
5
Let q(g) = -g**3 + 4*g**2 + 8*g. Let r be q(6). Let j = -11 - r. Calculate the highest common factor of 39 and j.
13
Let s be (-102)/(-18) + (-1)/(-3). What is the greatest common factor of s and 2?
2
Let w be -1 + 1 + (44 - 0). Let q = -15 - -9. Let p(f) = -2*f - 1. Let c be p(q). What is the highest common factor of w and c?
11
Suppose 0 = -i + 2*i - 6. Let d be (-3)/(i/(-40) + 0). Suppose 0 = -4*j + 4*p + 256, 3*p = -5*j + j + 228. What is the highest common factor of j and d?
20
Suppose -5 = n, 4*k - 2*k - 5*n = 95. Suppose 21 = 4*b - k. Calculate the highest common factor of b and 14.
14
Let t = -468 + 677. Calculate the highest common divisor of t and 11.
11
Let g = 59 + -7. Let f(o) = 2*o**2 + 3*o - 1. Let r be f(2). Calculate the greatest common divisor of g and r.
13
Let i = -121 - -226. Let c = -9 + 30. What is the highest common factor of i and c?
21
Suppose -5*d = 2*x - 159, 3*d = 2*x - 5*x + 90. What is the greatest common factor of 22 and d?
11
Let d(w) = 4 - 5*w + 8*w**2 - w**2 - w**3 - 12. Let x be d(6). Let v be ((96/x)/(-3))/1. Calculate the greatest common factor of 176 and v.
16
Suppose -4*t - 16 = -2*v, 2*v = 2*t + 3*t + 18. Let m = v - 2. Suppose -m*h = -5*h + 108. Calculate the greatest common factor of 12 and h.
12
Let u be ((-3)/(-4) + -1)*-388. Suppose w + 2*w = 0. Suppose w = s - 0*s - 3*f - 93, -4*f = -s + u. Calculate the greatest common factor of s and 9.
9
Let v = -14 - -10. Let f be (2 - (v - 0)) + 1. Calculate the greatest common divisor of 1 and f.
1
Suppose u - 187 = -33. Suppose 4*s - 210 - u = 0. Calculate the highest common factor of 13 and s.
13
Let d(v) = -5*v - 3*v - 2 + v**2 + 7*v. Let z be d(-3). Calculate the highest common factor of 70 and z.
10
Let v be (-2)/10 - (-48)/40. Calculate the greatest common divisor of v and 2.
1
Let r be (-300)/(-35) - 3/(-7). What is the greatest common divisor of r and 9?
9
Suppose -55 = -i - 2*t, -2*i + 299 = 3*i + 4*t. Let r(s) = -s**3 - 11*s**2 + 7. Let c be r(-11). Let o = 0 + c. What is the highest common divisor of i and o?
7
Let g(d) = -d + 5. Let u(l) = l**2 - l - 6. Let n be u(0). Let v be g(n). Let c be (-4)/(-18) + (-3261)/(-27). Calculate the highest common factor of c and v.
11
Let r(l) = -12*l + 5. Let m = -21 + 15. Let n be r(m). Calculate the highest common divisor of 11 and n.
11
Suppose -5*s + 5 = -5. Let a be (2 - 0)/2 - -3. Suppose 2*c - 2*k = -c + 19, 4*k - 12 = -a*c. What is the highest common factor of c and s?
1
Suppose -4*o + 32 = -f - 23, -4*f - 51 = -3*o. Suppose u - o - 5 = 0. What is the greatest common factor of u and 3?
3
Let n = -18 - -31. Let l = -3 + n. Suppose 0 = -5*j + l + 15. Calculate the greatest common factor of 45 and j.
5
Let c = 54 - 34. Calculate the highest common factor of 25 and c.
5
Let k(b) = -b**3 - 6*b**2 - 2*b. Suppose p = j - 4, 4*j = -6*p + 4*p - 20. Let r be k(p). What is the highest common divisor of 132 and r?
12
Suppose -34*d = -37*d + 66. Calculate the highest common divisor of 2 and d.
2
Let o(d) = 2*d**2 + 9*d + 6. Let m be o(-6). Calculate the highest common factor of 8 and m.
8
Suppose 3*a - 15 = -3. Let w be (-2)/(2/(-3)) - -1. Calculate the highest common factor of a and w.
4
Let z(h) = h - 3. Let n be z(-4). Let b be (-166)/n + 4/14. What is the highest common divisor of b and 16?
8
Let h = -95 + 139. What is the greatest common factor of 11 and h?
11
Let u(i) = i**2 - 1. Let b be u(6). Let q be 6 - ((-2)/1)/(-2). What is the highest common factor of q and b?
5
Let b(r) = 3*r**2 - 2*r**2 - 2*r - r. Let u be b(6). Let h be u - (2 - -2 - 2). What is the greatest common factor of h and 2?
2
Suppose -4*w + 89 = 5. Let i be 15 - 2/6*3. Calculate the highest common factor of w and i.
7
Let a be 12/20 - 10/(-25). What is the highest common factor of a and 9?
1
Let r be 5*(4/(-4) - -22). What is the highest common factor of 15 and r?
15
Let o(r) = r**2 + 52. Let s be o(0). Let i = -31 + s. Let p be -3 + 1 + (74 - -12). Calculate the greatest common factor of p and i.
21
Suppose -37 = -3*q + 5. What is the highest common divisor of q and 2?
2
Let r(h) = 2*h**2 + 8*h. Let q be r(-6). Calculate the highest common factor of q and 24.
24
Suppose 0 = -l - d + 30, -2*l + 11 + 49 = d. Let j be (2/1)/(6/225). What is the greatest common divisor of l and j?
15
Let u(h) = 8*h - 23. Let g be u(7). What is the greatest common divisor of 22 and g?
11
Let c(u) = u**2 - 7*u + 3. Let a be c(7). Let d be (35 - 2)/(1/a). What is the greatest common divisor of d and 9?
9
Let s be 11 - (-4)/(4/(-1)). Calculate the greatest common divisor of 10 and s.
10
Let j be 12/(1/(-2) - 0). Suppose -o + 20 + 2 = -4*r, -4*r = 4*o + 12. Let k be (o/(-4))/(1/j). Calculate the highest common divisor of k and 12.
12
Let k be 2 + (176 - -1) + -3. Calculate the greatest common divisor of k and 22.
22
Let q = 101 - -16. Let w be (-4)/(2/(-1)) + 11. Calculate the greatest common factor of w and q.
13
Suppose u + 3*r = 91, 263 = 4*u - u - r. Suppose 4*g + 164 + u = 3*m, 4*g + 12 = 0. Suppose 0 = -3*d + 79 + 17. Calculate the highest common factor of d and m.
16
Let h(f) = -f**3 + 16*f**2 + 16*f + 18. Let y be h(17). Calculate the highest common factor of 1 and y.
1
Let s be (-14)/21 + (-14)/(-3). What is the greatest common divisor of 28 and s?
4
Let m(q) = 6*q**2 - q - 2. Let w be m(-2). What is the highest common divisor of 24 and w?
24
Let m = 79 + -37. What is the highest common divisor of m and 14?
14
Let w(x) = x**2 - 10*x + 7. Let d be w(11). Calculate the highest common factor of d and 45.
9
Let a(b) = b**2 - 1. Let r be a(0). Let g be 35*(r*2)/(-2). Suppose 5*y - 3 = -2*d + 2, 3*d - 4*y - 19 = 0. What is the highest common factor of d and g?
5
Let h(u) = u - 26. Let c be h(0). Let v = c + 68. Suppose 0 = 3*o - 0*o - 42. What is the greatest common factor of v and o?
14
Let y be (2 + 32)/(-3 + 5). Calculate the highest common factor of y and 187.
17
Suppose 5*s = 4*m - 33, 0 = 2*m - 2*s - 0*s - 14. Let h(j) = 7*j**2 + j - 2. Let f be h(m). Calculate the greatest common factor of f and 14.
14
Let j be 8/(-12)*6 - -11. Calculate the highest common divisor of 77 and j.
7
Suppose 2*c = -3*c + 770. Let o be 2 - (-1)/((-1)/(-12)). What is the greatest common divisor of o and c?
14
Suppose 2*x = 5*s - 2*x - 30, s + 5*x + 23 = 0. Let p be 2/10 - (-28)/10. Let m be 16/p + 2/3. What is the highest common divisor of s and m?
2
Let m be (28 - 28) + 3 + -1. What is the highest common factor of 8 and m?
2
Let q = -83 + 144. Let m = 106 - 104. Suppose 9 + q = m*x. What is the highest common factor of x and 5?
5
Let l = -3 + 10. Calculate the greatest common divisor of l and 49.
7
Let g be (-5 - 2/(-1))/(-1). What is the highest common divisor of 24 and g?
3
Let x(m) = -4 - 6*m + 5*m + 5. Let z be x(-4). What is the greatest common divisor of z and 2?
1
Suppose -2*v - 5*z + 109 = -8, 0 = -4*v + 2*z + 270. Calculate the highest common divisor 